of 1774?
1
What is the hundreds digit of 646?
6
What is the units digit of 58441?
1
What is the units digit of 964?
4
What is the ten thousands digit of 18452?
1
What is the thousands digit of 1227?
1
What is the hundreds digit of 5952?
9
What is the units digit of 1805?
5
What is the hundreds digit of 5784?
7
What is the tens digit of 4326?
2
What is the ten thousands digit of 50955?
5
What is the tens digit of 45148?
4
What is the thousands digit of 18144?
8
What is the thousands digit of 8132?
8
What is the hundreds digit of 1323?
3
What is the thousands digit of 22153?
2
What is the units digit of 10575?
5
What is the hundreds digit of 1334?
3
What is the tens digit of 694?
9
What is the units digit of 92027?
7
What is the units digit of 666?
6
What is the hundreds digit of 25764?
7
What is the hundreds digit of 2683?
6
What is the thousands digit of 5562?
5
What is the tens digit of 349?
4
What is the units digit of 1445?
5
What is the thousands digit of 9790?
9
What is the thousands digit of 2578?
2
What is the units digit of 508?
8
What is the thousands digit of 1286?
1
What is the hundreds digit of 590?
5
What is the hundreds digit of 14638?
6
What is the units digit of 119809?
9
What is the units digit of 10080?
0
What is the units digit of 1140?
0
What is the tens digit of 94843?
4
What is the ten thousands digit of 12655?
1
What is the thousands digit of 19757?
9
What is the units digit of 1462?
2
What is the units digit of 50250?
0
What is the thousands digit of 5029?
5
What is the tens digit of 2519?
1
What is the ten thousands digit of 106086?
0
What is the thousands digit of 6352?
6
What is the thousands digit of 137353?
7
What is the units digit of 17246?
6
What is the ten thousands digit of 14086?
1
What is the thousands digit of 9791?
9
What is the thousands digit of 2517?
2
What is the units digit of 1438?
8
What is the hundreds digit of 61367?
3
What is the tens digit of 1589?
8
What is the hundreds digit of 25551?
5
What is the hundreds digit of 509?
5
What is the tens digit of 764?
6
What is the thousands digit of 142251?
2
What is the tens digit of 1294?
9
What is the ten thousands digit of 43032?
4
What is the tens digit of 1667?
6
What is the ten thousands digit of 23123?
2
What is the thousands digit of 25570?
5
What is the thousands digit of 1077?
1
What is the units digit of 370?
0
What is the tens digit of 1761?
6
What is the tens digit of 166?
6
What is the tens digit of 3603?
0
What is the ten thousands digit of 51494?
5
What is the units digit of 1803?
3
What is the ten thousands digit of 141145?
4
What is the tens digit of 229?
2
What is the thousands digit of 1656?
1
What is the units digit of 16799?
9
What is the thousands digit of 3717?
3
What is the units digit of 2314?
4
What is the hundreds digit of 35064?
0
What is the ten thousands digit of 50869?
5
What is the units digit of 37459?
9
What is the hundreds digit of 2596?
5
What is the thousands digit of 2050?
2
What is the units digit of 10446?
6
What is the units digit of 2159?
9
What is the hundreds digit of 5942?
9
What is the hundreds digit of 1787?
7
What is the hundreds digit of 586?
5
What is the hundreds digit of 283?
2
What is the tens digit of 1263?
6
What is the hundred thousands digit of 146093?
1
What is the tens digit of 89755?
5
What is the tens digit of 30929?
2
What is the hundreds digit of 6234?
2
What is the hundreds digit of 183932?
9
What is the ten thousands digit of 48233?
4
What is the hundreds digit of 16231?
2
What is the tens digit of 23286?
8
What is the tens digit of 81?
8
What is the hundreds digit of 1833?
8
What is the ten thousands digit of 23909?
2
What is the thousands digit of 1732?
1
What is the tens digit of 248?
4
What is the tens digit of 35089?
8
What is the ten thousands digit of 28755?
2
What is the units digit of 136847?
7
What is the hundreds digit of 90968?
9
What is the hundreds digit of 1930?
9
What is the units digit of 2950?
0
What is the units digit of 15238?
8
What is the hundred thousands digit of 165959?
1
What is the hundreds digit of 7831?
8
What is the units digit of 19?
9
What is the units digit of 6121?
1
What is the thousands digit of 15071?
5
What is the ten thousands digit of 20689?
2
What is the tens digit of 8070?
7
What is the units digit of 3373?
3
What is the tens digit of 2342?
4
What is the units digit of 53?
3
What is the hundreds digit of 954?
9
What is the thousands digit of 26116?
6
What is the tens digit of 743?
4
What is the units digit of 3518?
8
What is the tens digit of 649?
4
What is the tens digit of 87667?
6
What is the thousands digit of 2404?
2
What is the hundreds digit of 438?
4
What is the tens digit of 165?
6
What is the tens digit of 1669?
6
What is the units digit of 3887?
7
What is the units digit of 348?
8
What is the thousands digit of 2779?
2
What is the units digit of 9748?
8
What is the thousands digit of 16711?
6
What is the tens digit of 4042?
4
What is the units digit of 9343?
3
What is the thousands digit of 1144?
1
What is the thousands digit of 149124?
9
What is the ten thousands digit of 10895?
1
What is the units digit of 18755?
5
What is the hundreds digit of 58871?
8
What is the ten thousands digit of 12159?
1
What is the hundred thousands digit of 135017?
1
What is the tens digit of 708?
0
What is the units digit of 6994?
4
What is the thousands digit of 7164?
7
What is the tens digit of 16948?
4
What is the tens digit of 68839?
3
What is the units digit of 30?
0
What is the thousands digit of 1210?
1
What is the units digit of 196?
6
What is the tens digit of 4136?
3
What is the tens digit of 1575?
7
What is the hundreds digit of 41345?
3
What is the thousands digit of 74984?
4
What is the hundreds digit of 8907?
9
What is the hundred thousands digit of 190126?
1
What is the hundreds digit of 19243?
2
What is the units digit of 728?
8
What is the thousands digit of 7961?
7
What is the ten thousands digit of 56145?
5
What is the hundreds digit of 32728?
7
What is the thousands digit of 5401?
5
What is the hundreds digit of 1615?
6
What is the hundreds digit of 150436?
4
What is the tens digit of 3663?
6
What is the units digit of 927?
7
What is the units digit of 5460?
0
What is the tens digit of 97?
9
What is the ten thousands digit of 30304?
3
What is the tens digit of 128892?
9
What is the units digit of 8622?
2
What is the thousands digit of 2192?
2
What is the units digit of 1050?
0
What is the thousands digit of 107146?
7
What is the tens digit of 4305?
0
What is the tens digit of 2921?
2
What is the hundreds digit of 3529?
5
What is the units digit of 944?
4
What is the thousands digit of 49409?
9
What is the units digit of 24378?
8
What is the thousands digit of 3044?
3
What is the thousands digit of 53565?
3
What is the units digit of 9121?
1
What is the thousands digit of 11591?
1
What is the hundreds digit of 2274?
2
What is the ten thousands digit of 88641?
8
What is the ten thousands digit of 66141?
6
What is the thousands digit of 11063?
1
What is the tens digit of 6063?
6
What is the units digit of 85708?
8
What is the units digit of 753?
3
What is the hundreds digit of 15108?
1
What is the tens digit of 1416?
1
What is the hundreds digit of 3533?
5
What is the hundreds digit of 914?
9
What is the tens digit of 15729?
2
What is the thousands digit of 48178?
8
What is the hundreds digit of 1418?
4
What is the hundreds digit of 225?
2
What is the hundreds digit of 5617?
6
What is the units digit of 3570?
0
What is the hundreds digit of 6354?
3
What is the hundreds digit of 1513?
5
What is the hundreds digit of 23271?
2
What is the tens digit of 861?
6
What is the hundreds digit of 7845?
8
What is the units digit of 77?
7
What is the units digit of 739?
9
What is the units digit of 7912?
2
What is the hundreds digit of 11375?
3
What is the hundreds digit of 10973?
9
What is the tens digit of 51868?
6
What is the tens digit of 276?
7
What is the units digit of 934?
4
What is the hundreds digit of 2883?
8
What is the ten thousands digit of 11783?
1
What is the hundreds digit of 294?
2
What is the units digit of 2029?
9
What is the tens digit of 1831?
3
What is the ten thousands digit of 27217?
2
What is the units digit of 12183?
3
What